(-162)/(-2559))?
80
Suppose 4*n = -3*z + 126, 0*z + 168 = 4*z + 3*n. Suppose h = 2*o - 659, -5*o - 2*h = -1010 - 678. Calculate the remainder when o is divided by z.
40
Suppose 43*r = -f + 39*r + 46, 3*f = -5*r + 110. Let x be 3/(3*(-2)/(-4)). Let z(j) = 7*j**3 + j - 1. Calculate the remainder when z(x) is divided by f.
27
Let z(w) = -w**2 + 23*w + 74. Calculate the remainder when z(22) is divided by 13.
5
Suppose 9*k - 392 = -3416. Let d = -148 - k. What is the remainder when d is divided by 32?
28
Let f = -57 - -30. Suppose 7*q = 97 + 141. Let g = q + f. Calculate the remainder when 27 is divided by g.
6
What is the remainder when -7*(-3620)/42 + 3 + (-40)/12 is divided by 35?
8
Let q = 58 - 106. Let a be 0 + (3 - 4)*q. Let j = a + -42. Calculate the remainder when 10 is divided by j.
4
Suppose -2*j + 91 = -79. Let b = j - 56. Calculate the remainder when 75 is divided by b.
17
Suppose -7*r = 6*r + 1794. Let h = -107 - r. Calculate the remainder when 214 is divided by h.
28
Suppose 269*l = -635*l + 775632. What is the remainder when l is divided by 842?
16
What is the remainder when 16003 is divided by (0 - 9126/(-99)) + ((-80)/110)/4?
87
Let d = -59 - -90. Suppose 4*u = 55 - d. Let q(x) = 3*x + 12. Calculate the remainder when q(u) is divided by 17.
13
Suppose -181*s + 186*s = -b + 1737, 0 = -4*s + 5*b + 1378. What is the remainder when s is divided by 108?
23
Suppose -29*t = -5*t - 99768. What is the remainder when t is divided by 160?
157
Let h = -310 - -465. Suppose -5*n + h + 50 = 0. Let x(k) = 51*k + 18. What is the remainder when x(2) is divided by n?
38
Suppose -j + 5*r + 45 = 0, -1957*r + 1952*r + 60 = 2*j. Suppose -3*u + 0*u = -162. Calculate the remainder when u is divided by j.
19
Let m(c) = 3*c - 1. Let o(s) = -102 + 10*s - 125 + 62. Calculate the remainder when m(3) is divided by o(17).
3
Let h be ((-48)/5)/((-21)/(-70)). Let l be 6/9 - (1 - h/(-6)). What is the remainder when 144/l + 24/(-30) is divided by 18?
10
Let p(f) = 3*f**2 - 24*f + 2. Let k be p(8). Suppose -k = 2*c, 3*d - 504 = -d - 4*c. What is the remainder when d is divided by 16?
15
Let k(h) = -h**2 - 2*h + 66. Let y be k(-9). Suppose y*j = -3*f + 5*j + 93, -2*j = -f + 31. What is the remainder when 61 is divided by f?
30
Let f(g) = -6*g**2 - 27*g - 15. Let x be f(-9). Let l = -201 - x. Calculate the remainder when 226 is divided by l.
55
Suppose 0 = -0*v + 4*v + 112. Let y = -7 - v. What is the remainder when 36 is divided by y?
15
Suppose 0 = 90*k + 28*k - 6726. Calculate the remainder when 2965 is divided by k.
1
Let t(g) = 10*g**3 - 4*g**2 - 3*g + 3. Suppose -v + 3*u = 5, v - 5*u + 7 = -0*v. Let k be t(v). Let l = k + 194. What is the remainder when l is divided by 36?
35
Suppose 4*x + 3*z - 593 = 0, -x + 5*z + 148 = 6*z. What is the remainder when 2531 is divided by x?
147
Let s(l) = 10*l + 8 - 11*l + 25*l. Let j be s(4). What is the remainder when (741/j)/((-1)/(-4))*2 is divided by 21?
15
Suppose 4*t = 6*t + 16. Let s(d) = d**3 + 8*d**2 + d + 14. Calculate the remainder when s(t) is divided by 4.
2
Let b(m) = -m**2 - 9*m + 2. Let z be b(-10). Let c = 16 + z. What is the remainder when 226*(5 + -1)/c is divided by 29?
26
Let x = -9118 - -9248. Calculate the remainder when 182 is divided by x.
52
Suppose 0 = -12*w - 2*w + 1008. Let k = w - 46. Calculate the remainder when 49 is divided by k.
23
Suppose 0*f - 4*s = 5*f, 5*f = -2*s. Let x be 100/30*(-6)/(-4) + f. Suppose p - 3*q - 99 = -3*p, -x*p = q - 119. What is the remainder when p is divided by 9?
6
Let j(a) = -105*a - 2300. Calculate the remainder when 1070 is divided by j(-27).
0
Calculate the remainder when (10/3)/(30/45) - -599 is divided by 579.
25
Suppose 6*n = 1633 - 1423. What is the remainder when 325 is divided by n?
10
Let w be 43/(-4) + 4/(-16). Let x = w + 36. What is the remainder when 59 is divided by (-4)/5 - (-545)/x?
17
Suppose 4*d + 20 = 0, 4*c - d - 47 = -30. Let a = -20 + 60. Suppose -3*p = 3*y - a - 2, 0 = y - p - 8. What is the remainder when y is divided by c?
2
Let s be 28/21*6/4. Let p(x) = x - 4. Let c be p(s). What is the remainder when 9 is divided by 1 - (0 - 6 - c)?
4
Suppose 0 = -2*j + 3*k - 13, -5*j - 3*k = 4 - 3. Let a(g) = -23*g - 1. Calculate the remainder when a(j) is divided by -54*(-5)/45*4.
21
Suppose -2*o + 154 = i + i, -4*i = o - 314. Suppose 16*d - 15*d - 22 = -3*s, 0 = 4*d + 5*s - 53. Calculate the remainder when i is divided by (16/d)/(35/245).
15
Suppose 5*s - 28 - 97 = -c, -3*s = -5*c + 625. What is the remainder when c is divided by -21*(-29)/(609/18)?
17
Suppose 3*f - 52 = 17. Suppose 0 = -h + 2*d + 222, -229 = -4*h + 3*d + 669. Calculate the remainder when h is divided by f.
19
Calculate the remainder when 148 is divided by 9*(-19 - -33 - 7).
22
Suppose 5*x = 4*q - q + 45, 3*q = -x + 9. Suppose x*m - 376 = 245. What is the remainder when m is divided by (3/4)/(3/96)?
21
Suppose 38*t = 42*t. Suppose -624*b + 625*b - 113 = t. Calculate the remainder when b is divided by 33.
14
Suppose -10997*p + 11014*p - 8976 = 0. What is the remainder when p is divided by 184?
160
Let g(s) = 100*s + 3225. What is the remainder when g(70) is divided by 31?
26
Let j(w) = -21*w**3 - w**2 - 20*w - 19. Calculate the remainder when 209 is divided by j(-1).
20
Suppose -i = -6*i + 585. Let j(b) = 4*b + 408 + 417 - 867. Calculate the remainder when i is divided by j(18).
27
Suppose -34353 + 10329 = -22*i. Calculate the remainder when i is divided by 363.
3
Suppose -11*k = z - 7*k - 1116, -5*z + 2*k = -5602. What is the remainder when z is divided by 11?
9
Let b = 10034 - 9886. Calculate the remainder when b is divided by 41.
25
Suppose -2*a + 7*a - 120 = 0. Suppose 94 - 70 = -6*j. What is the remainder when (1136/4)/j*1/(-1) is divided by a?
23
Let z = -15 + 23. Suppose -4*k - 4 = -2*g, -4*g - 5*k = -4*k - z. Calculate the remainder when 41 is divided by (g/(-3))/((-16)/216).
5
Calculate the remainder when 1*(-6851)/(-7) + (4 - (-260)/(-70)) is divided by 14.
13
Suppose -2*f = 4*d - 344, f + 13*d = -0*f + 84. What is the remainder when f is divided by (3*4)/(2/8)?
44
Suppose -5*d = 15, 12*i - 4*d = 11*i + 360. Let k(c) = -c + 39. Calculate the remainder when i is divided by k(0).
36
Let y = 1095 - 1080. What is the remainder when (-9)/2*190/(-15) is divided by y?
12
Suppose -3*w - 2*f + 469 = 0, -779 = -5*w - 3*f + f. Let c = w - 115. What is the remainder when 199 is divided by c?
39
What is the remainder when 2/(-6) + -1 - (-135388)/543 is divided by (-2 - -5)*(-75)/(-9)?
23
Calculate the remainder when 657 is divided by 4/(-20) + (-15)/(-75) + 22 + 0.
19
Let w = -353 - -550. Suppose 4*t + 3*x + 207 = 1626, 3*t - 3*x = 1038. Let u = t - w. What is the remainder when u is divided by 13?
11
Suppose -6 + 3 = -3*h. Suppose -7 = -3*r - h. Suppose -19*c + 34*c = 105. What is the remainder when c is divided by r?
1
Let r = 48 - 19. Let l = 226 - 221. What is the remainder when r is divided by l?
4
Suppose 5*v + 3*t = 480, -4*v - 54 + 421 = -t. What is the remainder when 204 is divided by v?
18
Let j be (-3072)/(-120) - 4/(-10). Let i = -17 + j. Suppose i*c - 46 - 44 = 0. Calculate the remainder when 68 is divided by c.
8
Let t(i) = -2*i + 93. Let c be t(-23). Let q(n) = -23*n**2 + 3*n - 2. Let w be q(2). Let z = c + w. What is the remainder when z is divided by 13?
12
What is the remainder when 6633/(-10)*(-72)/54*5 is divided by 2201?
20
Suppose -4*o = -34*n - 5692, 13*o = 9*o + 4*n + 5632. What is the remainder when o is divided by 175?
6
Let b = 280 - 194. Suppose -f - b = -88. Suppose f*i + 112 = 2*y, 4*y + 6*i = i + 224. Calculate the remainder when 163 is divided by y.
51
Suppose 703*h = 683*h + 780. Calculate the remainder when 172 is divided by h.
16
Let q(p) = 7*p**2 + 3*p + 6. Let t be q(-4). Let u = -4949 + 4932. Let x = u + t. What is the remainder when x is divided by 46?
43
Suppose -54*h + 427 = -59. Suppose 4 - 16 = -3*b. Suppose -b*t = -5*t + h. What is the remainder when 15 is divided by t?
6
Suppose -6*d = -9*d - 411. Let j = 141 + d. What is the remainder when 5 is divided by j?
1
Let d be 4 + -6 - 1 - -6. Suppose -303 - 339 = -d*z. What is the remainder when z is divided by 72?
70
Let n(f) = -280*f - 9471. Calculate the remainder when n(-35) is divided by 270.
59